{"id":574478,"date":"2026-09-05T03:35:02","date_gmt":"2026-09-05T00:35:02","guid":{"rendered":"https:\/\/visitviljandi.ee\/kultuurikava_sundmused\/marge-karu-meie-naabrid-linnas\/"},"modified":"2026-09-05T03:35:02","modified_gmt":"2026-09-05T00:35:02","slug":"marge-karu-meie-naabrid-linnas","status":"publish","type":"tkka_event","link":"https:\/\/visitviljandi.ee\/lv\/kultuurikava_sundmused\/marge-karu-meie-naabrid-linnas\/","title":{"rendered":"Marge Karu &#8220;Meie naabrid linnas&#8221;"},"content":{"rendered":"<p>K\u00f5ik j\u00e4\u00e4dvustused on tehtud Viljandi linnas!<\/p>\n","protected":false},"featured_media":0,"template":"","meta":{"_acf_changed":false,"inline_featured_image":false},"class_list":["post-574478","tkka_event","type-tkka_event","status-publish","hentry"],"acf":[],"_links":{"self":[{"href":"https:\/\/visitviljandi.ee\/lv\/wp-json\/wp\/v2\/tkka_event\/574478","targetHints":{"allow":["GET"]}}],"collection":[{"href":"https:\/\/visitviljandi.ee\/lv\/wp-json\/wp\/v2\/tkka_event"}],"about":[{"href":"https:\/\/visitviljandi.ee\/lv\/wp-json\/wp\/v2\/types\/tkka_event"}],"wp:attachment":[{"href":"https:\/\/visitviljandi.ee\/lv\/wp-json\/wp\/v2\/media?parent=574478"}],"curies":[{"name":"wp","href":"https:\/\/api.w.org\/{rel}","templated":true}]}}

<p>Kõik jäädvustused on tehtud Viljandi linnas!</p>
