{"id":565000,"date":"2026-04-10T15:25:38","date_gmt":"2026-04-10T12:25:38","guid":{"rendered":"https:\/\/visitviljandi.ee\/kultuurikava_sundmused\/tantsunadal-2026-noorte-tantsulavastus-mitte-midagi-muud-peale-iseenda\/"},"modified":"2026-04-26T15:35:01","modified_gmt":"2026-04-26T12:35:01","slug":"tantsunadal-2026-noorte-tantsulavastus-mitte-midagi-muud-peale-iseenda","status":"publish","type":"tkka_event","link":"https:\/\/visitviljandi.ee\/lv\/kultuurikava_sundmused\/tantsunadal-2026-noorte-tantsulavastus-mitte-midagi-muud-peale-iseenda\/","title":{"rendered":"Tantsun\u00e4dal 2026: Noorte tantsulavastus \u201cmitte midagi muud peale iseenda\u201d"},"content":{"rendered":"<p>S-Stuudio noorte tantsulavastus &#8220;mitte midagi muud peale iseenda&#8221; Viljandi tantsun\u00e4dalal, Viljandi kultuuriakadeemia BBs.<br \/>See lavastus ei paku vaatajale \u00fcht kindlat vastust.<br \/>\nVaataja loob ise oma loo ja v\u00f5tab kaasa m\u00f5tted, mis tekivad.<br \/>\nSiin v\u00f5ib vaataja lihtsalt olla \u2013 ilma eelh\u00e4\u00e4lestuseta.<br \/>\nJuhendajad: Keiti Leon, Leanika M\u00e4ndma<br \/>\nLavastajad: Nora N\u00f6ps, Mona N\u00f6ps, Laureen Lehestik, Saskia Meekler, Elerin Tiri, Keitren Meerits, Heleena Steinfeld, Klara M\u00e4gi, Keiti Leon, Leanika M\u00e4ndma<br \/>\nEtendajad: Nora N\u00f6ps, Mona N\u00f6ps, Laureen Lehestik, Saskia Meekler, Elerin Tiri, Keitren Meerits, Heleena Steinfeld, Klara M\u00e4gi<br \/>\nHeli, valgus ja k\u00f5ik muu tehniline: Joosep Kurm<br \/>\nKestus: u 30 minutit<br \/>\nTASUTA<br \/>\n!Ait\u00e4h Viljandi Huvikoolile, kus igap\u00e4ev tegutseme!<\/p>\n","protected":false},"featured_media":0,"template":"","meta":{"_acf_changed":false,"inline_featured_image":false},"class_list":["post-565000","tkka_event","type-tkka_event","status-publish","hentry"],"acf":[],"_links":{"self":[{"href":"https:\/\/visitviljandi.ee\/lv\/wp-json\/wp\/v2\/tkka_event\/565000","targetHints":{"allow":["GET"]}}],"collection":[{"href":"https:\/\/visitviljandi.ee\/lv\/wp-json\/wp\/v2\/tkka_event"}],"about":[{"href":"https:\/\/visitviljandi.ee\/lv\/wp-json\/wp\/v2\/types\/tkka_event"}],"wp:attachment":[{"href":"https:\/\/visitviljandi.ee\/lv\/wp-json\/wp\/v2\/media?parent=565000"}],"curies":[{"name":"wp","href":"https:\/\/api.w.org\/{rel}","templated":true}]}}

Tantsunädal 2026: Noorte tantsulavastus “mitte midagi muud peale iseenda”

<p>S-Stuudio noorte tantsulavastus &#8220;mitte midagi muud peale iseenda&#8221; Viljandi tantsunädalal, Viljandi kultuuriakadeemia BBs.<br />See lavastus ei paku vaatajale üht kindlat vastust.<br />
Vaataja loob ise oma loo ja võtab kaasa mõtted, mis tekivad.<br />
Siin võib vaataja lihtsalt olla – ilma eelhäälestuseta.<br />
Juhendajad: Keiti Leon, Leanika Mändma<br />
Lavastajad: Nora Nöps, Mona Nöps, Laureen Lehestik, Saskia Meekler, Elerin Tiri, Keitren Meerits, Heleena Steinfeld, Klara Mägi, Keiti Leon, Leanika Mändma<br />
Etendajad: Nora Nöps, Mona Nöps, Laureen Lehestik, Saskia Meekler, Elerin Tiri, Keitren Meerits, Heleena Steinfeld, Klara Mägi<br />
Heli, valgus ja kõik muu tehniline: Joosep Kurm<br />
Kestus: u 30 minutit<br />
TASUTA<br />
!Aitäh Viljandi Huvikoolile, kus igapäev tegutseme!</p>
