{"id":564491,"date":"2026-03-29T02:35:02","date_gmt":"2026-03-29T00:35:02","guid":{"rendered":"https:\/\/visitviljandi.ee\/kultuurikava_sundmused\/abja-naiskoor-obeaidsme-15-kontsert\/"},"modified":"2026-04-11T15:35:01","modified_gmt":"2026-04-11T12:35:01","slug":"abja-naiskoor-obeaidsme-15-kontsert","status":"publish","type":"tkka_event","link":"https:\/\/visitviljandi.ee\/lv\/kultuurikava_sundmused\/abja-naiskoor-obeaidsme-15-kontsert\/","title":{"rendered":"Abja naiskoor \u00d5be\u00e4idsme 15 kontsert"},"content":{"rendered":"<p>Abja naiskoor \u00d5be\u00e4idsme ja dirigent K\u00fclli Salum\u00e4e ootavad teid, kontserdile &#8221; Kusagil peab kokkuk\u00f5la leitama &#8221; ,<br \/>et t\u00e4histada koori 15ndat tegutsemisaastat,<br \/>\nKaasa teevad naiskoor Maimu<br \/>\nja meesansambel Topelt Hellad Kellad.<br \/>\nJuhatavad K\u00fclli Salum\u00e4e, Ivi-Heljo Harju ja Liisi Toomsalu. Kontsertmeister Ruth M\u00f5ttus.<br \/>\nOlete s\u00fcdamest oodatud!<\/p>\n","protected":false},"featured_media":0,"template":"","meta":{"_acf_changed":false,"inline_featured_image":false},"class_list":["post-564491","tkka_event","type-tkka_event","status-publish","hentry"],"acf":[],"_links":{"self":[{"href":"https:\/\/visitviljandi.ee\/lv\/wp-json\/wp\/v2\/tkka_event\/564491","targetHints":{"allow":["GET"]}}],"collection":[{"href":"https:\/\/visitviljandi.ee\/lv\/wp-json\/wp\/v2\/tkka_event"}],"about":[{"href":"https:\/\/visitviljandi.ee\/lv\/wp-json\/wp\/v2\/types\/tkka_event"}],"wp:attachment":[{"href":"https:\/\/visitviljandi.ee\/lv\/wp-json\/wp\/v2\/media?parent=564491"}],"curies":[{"name":"wp","href":"https:\/\/api.w.org\/{rel}","templated":true}]}}

Abja naiskoor Õbeäidsme 15 kontsert

<p>Abja naiskoor Õbeäidsme ja dirigent Külli Salumäe ootavad teid, kontserdile &#8221; Kusagil peab kokkukõla leitama &#8221; ,<br />et tähistada koori 15ndat tegutsemisaastat,<br />
Kaasa teevad naiskoor Maimu<br />
ja meesansambel Topelt Hellad Kellad.<br />
Juhatavad Külli Salumäe, Ivi-Heljo Harju ja Liisi Toomsalu. Kontsertmeister Ruth Mõttus.<br />
Olete südamest oodatud!</p>
