{"id":574009,"date":"2026-08-29T15:35:01","date_gmt":"2026-08-29T12:35:01","guid":{"rendered":"https:\/\/visitviljandi.ee\/kultuurikava_sundmused\/ma-ei-ole-turist-ma-elan-siin\/"},"modified":"2026-09-01T15:35:01","modified_gmt":"2026-09-01T12:35:01","slug":"ma-ei-ole-turist-ma-elan-siin","status":"publish","type":"tkka_event","link":"https:\/\/visitviljandi.ee\/en\/kultuurikava_sundmused\/ma-ei-ole-turist-ma-elan-siin\/","title":{"rendered":"\u201eMa ei ole turist, ma elan siin.&#8221;"},"content":{"rendered":"<p>Eelmine kord pildistasid ringi liikmed Viljandis n\u00e4ituse tarbeks 15 aastat tagasi.<br \/>\nSelle ajaga on palju liikmeskonnast vahetunud&#8230;<\/p>\n<p>Oma t\u00f6\u00f6dega on Teie ees: Mariann Asuk\u00fcla, Lii Murro, Marge Karu, Riina Ani, Tiina Jams, K\u00fclli J\u00e4rvis, Ingrid Tiitre, Silver Teinbas, Evald Veldemann, Meelis Heli.<\/p>\n","protected":false},"featured_media":0,"template":"","meta":{"_acf_changed":false,"inline_featured_image":false},"class_list":["post-574009","tkka_event","type-tkka_event","status-publish","hentry"],"acf":[],"_links":{"self":[{"href":"https:\/\/visitviljandi.ee\/en\/wp-json\/wp\/v2\/tkka_event\/574009","targetHints":{"allow":["GET"]}}],"collection":[{"href":"https:\/\/visitviljandi.ee\/en\/wp-json\/wp\/v2\/tkka_event"}],"about":[{"href":"https:\/\/visitviljandi.ee\/en\/wp-json\/wp\/v2\/types\/tkka_event"}],"wp:attachment":[{"href":"https:\/\/visitviljandi.ee\/en\/wp-json\/wp\/v2\/media?parent=574009"}],"curies":[{"name":"wp","href":"https:\/\/api.w.org\/{rel}","templated":true}]}}

<p>Eelmine kord pildistasid ringi liikmed Viljandis näituse tarbeks 15 aastat tagasi.<br />
Selle ajaga on palju liikmeskonnast vahetunud&#8230;</p>
<p>Oma töödega on Teie ees: Mariann Asuküla, Lii Murro, Marge Karu, Riina Ani, Tiina Jams, Külli Järvis, Ingrid Tiitre, Silver Teinbas, Evald Veldemann, Meelis Heli.</p>
