{"id":565009,"date":"2026-04-10T15:25:38","date_gmt":"2026-04-10T12:25:38","guid":{"rendered":"https:\/\/visitviljandi.ee\/kultuurikava_sundmused\/kuldvihmade-kuld-tonu-raadiku-kevadkontsert\/"},"modified":"2026-04-29T15:35:01","modified_gmt":"2026-04-29T12:35:01","slug":"kuldvihmade-kuld-tonu-raadiku-kevadkontsert","status":"publish","type":"tkka_event","link":"https:\/\/visitviljandi.ee\/en\/kultuurikava_sundmused\/kuldvihmade-kuld-tonu-raadiku-kevadkontsert\/","title":{"rendered":"Kuldvihmade kuld. T\u00f5nu Raadiku kevadkontsert"},"content":{"rendered":"<p>\u201cKuldvihmade kuld\u201d on T\u00f5nu Raadiku p\u00e4ikeseline ja helge kontsert, kus lisaks temale esinevad akordionist Allan Jakobi ning pianist Eero Sommer.<br \/>Esitusele tulevad T\u00f5nu Raadiku uuemad ja vanemad kevade- ning armastuslaulud,<br \/>\nlisaks romantilist ja klassikalist viiulimuusikat.<br \/>\nV\u00f5imalikud on ka \u00fcllatusk\u00fclalised.<br \/>\nM\u00fc\u00fcgil CD-d.<\/p>\n<p>Piletid Piletilevist ja kohapeal<\/p>\n","protected":false},"featured_media":0,"template":"","meta":{"_acf_changed":false,"inline_featured_image":false},"class_list":["post-565009","tkka_event","type-tkka_event","status-publish","hentry"],"acf":[],"_links":{"self":[{"href":"https:\/\/visitviljandi.ee\/en\/wp-json\/wp\/v2\/tkka_event\/565009","targetHints":{"allow":["GET"]}}],"collection":[{"href":"https:\/\/visitviljandi.ee\/en\/wp-json\/wp\/v2\/tkka_event"}],"about":[{"href":"https:\/\/visitviljandi.ee\/en\/wp-json\/wp\/v2\/types\/tkka_event"}],"wp:attachment":[{"href":"https:\/\/visitviljandi.ee\/en\/wp-json\/wp\/v2\/media?parent=565009"}],"curies":[{"name":"wp","href":"https:\/\/api.w.org\/{rel}","templated":true}]}}

Kuldvihmade kuld. Tõnu Raadiku kevadkontsert

<p>“Kuldvihmade kuld” on Tõnu Raadiku päikeseline ja helge kontsert, kus lisaks temale esinevad akordionist Allan Jakobi ning pianist Eero Sommer.<br />Esitusele tulevad Tõnu Raadiku uuemad ja vanemad kevade- ning armastuslaulud,<br />
lisaks romantilist ja klassikalist viiulimuusikat.<br />
Võimalikud on ka üllatuskülalised.<br />
Müügil CD-d.</p>
<p>Piletid Piletilevist ja kohapeal</p>
