{"id":565006,"date":"2026-04-10T15:25:38","date_gmt":"2026-04-10T12:25:38","guid":{"rendered":"https:\/\/visitviljandi.ee\/kultuurikava_sundmused\/dementsusega-inimeste-lahedaste-tugigrupp-viljandis-7\/"},"modified":"2026-04-29T03:35:01","modified_gmt":"2026-04-29T00:35:01","slug":"dementsusega-inimeste-lahedaste-tugigrupp-viljandis-7","status":"publish","type":"tkka_event","link":"https:\/\/visitviljandi.ee\/en\/kultuurikava_sundmused\/dementsusega-inimeste-lahedaste-tugigrupp-viljandis-7\/","title":{"rendered":"Dementsusega inimeste l\u00e4hedaste tugigrupp Viljandis"},"content":{"rendered":"<p>Tugigrupp on m\u00f5eldud Teile, kes Te hoolitsete dementsusega v\u00f5i<br \/>\nm\u00e4luh\u00e4iretega l\u00e4hedase eest. Kui vajate n\u00f5u, toetust, uusi ideid,<br \/>\nsiis olete oodatud tugigrupis osalema!<\/p>\n<p>Tugigrupp toimub kolmap\u00e4eval, 29. aprillil kell 16.30<br \/>\nViljandi linnaraamatukogu laste- ja noortekirjanduse saali videoruumis.<\/p>\n<p>Tugigrupp on konfidentsiaalne!<\/p>\n<p>Tugigrupp on k\u00f5igile TASUTA.<\/p>\n<p>Tugigruppi juhivad Kadri Oras ja Triinu R\u00f5igas.<\/p>\n<p>Lisainfo:<br \/>\nkadri.oras@vmh.ee<\/p>\n<p>Olete oodatud!<\/p>\n","protected":false},"featured_media":0,"template":"","meta":{"_acf_changed":false,"inline_featured_image":false},"class_list":["post-565006","tkka_event","type-tkka_event","status-publish","hentry"],"acf":[],"_links":{"self":[{"href":"https:\/\/visitviljandi.ee\/en\/wp-json\/wp\/v2\/tkka_event\/565006","targetHints":{"allow":["GET"]}}],"collection":[{"href":"https:\/\/visitviljandi.ee\/en\/wp-json\/wp\/v2\/tkka_event"}],"about":[{"href":"https:\/\/visitviljandi.ee\/en\/wp-json\/wp\/v2\/types\/tkka_event"}],"wp:attachment":[{"href":"https:\/\/visitviljandi.ee\/en\/wp-json\/wp\/v2\/media?parent=565006"}],"curies":[{"name":"wp","href":"https:\/\/api.w.org\/{rel}","templated":true}]}}

Dementsusega inimeste lähedaste tugigrupp Viljandis

<p>Tugigrupp on mõeldud Teile, kes Te hoolitsete dementsusega või<br />
mäluhäiretega lähedase eest. Kui vajate nõu, toetust, uusi ideid,<br />
siis olete oodatud tugigrupis osalema!</p>
<p>Tugigrupp toimub kolmapäeval, 29. aprillil kell 16.30<br />
Viljandi linnaraamatukogu laste- ja noortekirjanduse saali videoruumis.</p>
<p>Tugigrupp on konfidentsiaalne!</p>
<p>Tugigrupp on kõigile TASUTA.</p>
<p>Tugigruppi juhivad Kadri Oras ja Triinu Rõigas.</p>
<p>Lisainfo:<br />
kadri.oras@vmh.ee</p>
<p>Olete oodatud!</p>
