{"id":557375,"date":"2026-01-07T14:45:03","date_gmt":"2026-01-07T12:45:03","guid":{"rendered":"https:\/\/visitviljandi.ee\/kultuurikava_sundmused\/kuidas-ida-virumaa-inimestel-laheb-vaarikate-ulikooli-loeng\/"},"modified":"2026-04-27T15:35:01","modified_gmt":"2026-04-27T12:35:01","slug":"kuidas-ida-virumaa-inimestel-laheb-vaarikate-ulikooli-loeng","status":"publish","type":"tkka_event","link":"https:\/\/visitviljandi.ee\/en\/kultuurikava_sundmused\/kuidas-ida-virumaa-inimestel-laheb-vaarikate-ulikooli-loeng\/","title":{"rendered":"&#8220;Kuidas Ida-Virumaa inimestel l\u00e4heb?&#8221; V\u00e4\u00e4rikate \u00fclikooli loeng"},"content":{"rendered":"<p>28. aprilli V\u00e4\u00e4rikate \u00fclikooli loengu teemaks on &#8220;Kuidas Ida-Virumaa inimestel l\u00e4heb?&#8221;. R\u00e4\u00e4gib J\u00fcri Nikolajev, Eesti Rahvusringh\u00e4\u00e4lingu ajakirjanik<br \/>\nTartu \u00dclikooli V\u00e4\u00e4rikate \u00dclikooli loengutel ja seminaridel k\u00e4sitletakse praktilisi ja silmaringi laiendavaid teemasid. Osalema on oodatud k\u00f5ik avatud m\u00f5ttemaailma huvilised vanuses 50+.<br \/>\n* V\u00e4\u00e4rikate \u00fclikool on apoliitiline ja teadusp\u00f5hine.<br \/>\n* \u00d5ppijatele, kes on osalenud v\u00e4hemalt 75% loengutest, v\u00e4ljastatakse Tartu \u00dclikooli t\u00e4iendus\u00f5ppe t\u00f5end.<br \/>\n* V\u00e4\u00e4rikate \u00fclikooli p\u00f5hiprogrammis osalemine on tasuta.<br \/>\n* Loengud toimuvad 1 kord kuus teisip\u00e4eviti kell 16.00\u201317.30<br \/>\nSakala Keskuse suures saalis (Tallinna tn 5, Viljandi).<\/p>\n<p>Korraldaja: V\u00e4\u00e4rikate \u00fclikool Viljandis<\/p>\n","protected":false},"featured_media":0,"template":"","meta":{"_acf_changed":false,"inline_featured_image":false},"class_list":["post-557375","tkka_event","type-tkka_event","status-publish","hentry"],"acf":[],"_links":{"self":[{"href":"https:\/\/visitviljandi.ee\/en\/wp-json\/wp\/v2\/tkka_event\/557375","targetHints":{"allow":["GET"]}}],"collection":[{"href":"https:\/\/visitviljandi.ee\/en\/wp-json\/wp\/v2\/tkka_event"}],"about":[{"href":"https:\/\/visitviljandi.ee\/en\/wp-json\/wp\/v2\/types\/tkka_event"}],"wp:attachment":[{"href":"https:\/\/visitviljandi.ee\/en\/wp-json\/wp\/v2\/media?parent=557375"}],"curies":[{"name":"wp","href":"https:\/\/api.w.org\/{rel}","templated":true}]}}

&#8220;Kuidas Ida-Virumaa inimestel läheb?&#8221; Väärikate ülikooli loeng

<p>28. aprilli Väärikate ülikooli loengu teemaks on &#8220;Kuidas Ida-Virumaa inimestel läheb?&#8221;. Räägib Jüri Nikolajev, Eesti Rahvusringhäälingu ajakirjanik<br />
Tartu Ülikooli Väärikate Ülikooli loengutel ja seminaridel käsitletakse praktilisi ja silmaringi laiendavaid teemasid. Osalema on oodatud kõik avatud mõttemaailma huvilised vanuses 50+.<br />
* Väärikate ülikool on apoliitiline ja teaduspõhine.<br />
* Õppijatele, kes on osalenud vähemalt 75% loengutest, väljastatakse Tartu Ülikooli täiendusõppe tõend.<br />
* Väärikate ülikooli põhiprogrammis osalemine on tasuta.<br />
* Loengud toimuvad 1 kord kuus teisipäeviti kell 16.00–17.30<br />
Sakala Keskuse suures saalis (Tallinna tn 5, Viljandi).</p>
<p>Korraldaja: Väärikate ülikool Viljandis</p>
