{"id":573992,"date":"2026-08-27T15:35:01","date_gmt":"2026-08-27T12:35:01","guid":{"rendered":"https:\/\/visitviljandi.ee\/kultuurikava_sundmused\/fotonaitus-kuni-su-kula-veel-elab\/"},"modified":"2026-09-01T15:35:01","modified_gmt":"2026-09-01T12:35:01","slug":"fotonaitus-kuni-su-kula-veel-elab","status":"publish","type":"tkka_event","link":"https:\/\/visitviljandi.ee\/de\/kultuurikava_sundmused\/fotonaitus-kuni-su-kula-veel-elab\/","title":{"rendered":"Foton\u00e4itus &#8222;&#8230;kuni su k\u00fcla veel elab&#8230;&#8220;"},"content":{"rendered":"<p>Foton\u00e4itus &#8222;&#8230;kuni su k\u00fcla veel elab&#8230;&#8220; Suislepa vaadetest. <br \/>Fotode autorid: Kadi L\u00f5hmus ja Eero L\u00f5hmus.<\/p>\n","protected":false},"featured_media":0,"template":"","meta":{"_acf_changed":false,"inline_featured_image":false},"class_list":["post-573992","tkka_event","type-tkka_event","status-publish","hentry"],"acf":[],"_links":{"self":[{"href":"https:\/\/visitviljandi.ee\/de\/wp-json\/wp\/v2\/tkka_event\/573992","targetHints":{"allow":["GET"]}}],"collection":[{"href":"https:\/\/visitviljandi.ee\/de\/wp-json\/wp\/v2\/tkka_event"}],"about":[{"href":"https:\/\/visitviljandi.ee\/de\/wp-json\/wp\/v2\/types\/tkka_event"}],"wp:attachment":[{"href":"https:\/\/visitviljandi.ee\/de\/wp-json\/wp\/v2\/media?parent=573992"}],"curies":[{"name":"wp","href":"https:\/\/api.w.org\/{rel}","templated":true}]}}

Fotonäitus &#8222;&#8230;kuni su küla veel elab&#8230;&#8220;

<p>Fotonäitus &#8222;&#8230;kuni su küla veel elab&#8230;&#8220; Suislepa vaadetest. <br />Fotode autorid: Kadi Lõhmus ja Eero Lõhmus.</p>
