{"id":566186,"date":"2026-04-30T15:35:01","date_gmt":"2026-04-30T12:35:01","guid":{"rendered":"https:\/\/visitviljandi.ee\/kultuurikava_sundmused\/hooaja-avamine-oiu-sadamas\/"},"modified":"2026-04-30T15:35:01","modified_gmt":"2026-04-30T12:35:01","slug":"hooaja-avamine-oiu-sadamas","status":"publish","type":"tkka_event","link":"https:\/\/visitviljandi.ee\/de\/kultuurikava_sundmused\/hooaja-avamine-oiu-sadamas\/","title":{"rendered":"Hooaja avamine Oiu Sadamas"},"content":{"rendered":"<p>Oiu Sadama 2026. suvise hooaja avamine on juba peagi k\u00e4es ning kutsume sind osa saama kolmest p\u00e4evast, mis on t\u00e4is elamusi, uusi teadmisi ja m\u00f5nusat ajaveetmist V\u00f5rtsj\u00e4rve \u00e4\u00e4res. \ud83c\udf0a<br \/>Oleme kokku pannud programmi igale vanusele \u2013 tule \u00fcksi, perega v\u00f5i s\u00f5pradega!<\/p>\n<p>\ud83c\udf3f1. mai:<br \/>\n11:00\u201315:00 Veeohutusp\u00e4ev koost\u00f6\u00f6s P\u00e4\u00e4steametiga \ud83d\udedf<br \/>\nP\u00e4eva jooksul r\u00e4\u00e4gime erinevate veekogude ohtudest, tutvustame turvavarustust ning n\u00e4itame, kuidas seda \u00f5igesti kasutada. Toimuvad ka praktilised t\u00f6\u00f6toad: viskeliini ja p\u00e4\u00e4ster\u00f5nga kasutamine ning p\u00e4\u00e4stelaua abil kannatanu abistamine.<br \/>\nR\u00e4\u00e4gime ka abi kutsumisest ning kohal on L\u00f5una-Eesti veep\u00e4\u00e4stekoerte grupp M\u00e4rjad K\u00e4pad. \ud83d\udc36<\/p>\n<p>\u26f4 Paadis\u00f5idud V\u00f5rtsj\u00e4rvel<\/p>\n<p>\ud83c\udf3f2. mai:<br \/>\n\ud83d\udc1f 12:00\u201313:00 Loeng V\u00f5rtsj\u00e4rve kaladest (Arvo Tuvikene)<br \/>\n\ud83d\udc26 13:00\u201315:00 Pesakastide meisterdamine koos Arne Aderiga. R\u00e4\u00e4gime, kuidas pesakaste \u00f5igesti teha ja eri lindudele sobitada.<br \/>\nLoeng ja pesakastide meisterdamine on tasuta.<\/p>\n<p>\u26f4 Paadis\u00f5idud V\u00f5rtsj\u00e4rvel<\/p>\n<p>\ud83c\udf3f3. mai:<\/p>\n<p>\u26f4 Paadis\u00f5idud V\u00f5rtsj\u00e4rvel<\/p>\n<p>\ud83c\udf74 Oiu Sadama resto on avatud R ja L 12:00\u201320:00 P 10:00\u201319:00<\/p>\n","protected":false},"featured_media":0,"template":"","meta":{"_acf_changed":false,"inline_featured_image":false},"class_list":["post-566186","tkka_event","type-tkka_event","status-publish","hentry"],"acf":[],"_links":{"self":[{"href":"https:\/\/visitviljandi.ee\/de\/wp-json\/wp\/v2\/tkka_event\/566186","targetHints":{"allow":["GET"]}}],"collection":[{"href":"https:\/\/visitviljandi.ee\/de\/wp-json\/wp\/v2\/tkka_event"}],"about":[{"href":"https:\/\/visitviljandi.ee\/de\/wp-json\/wp\/v2\/types\/tkka_event"}],"wp:attachment":[{"href":"https:\/\/visitviljandi.ee\/de\/wp-json\/wp\/v2\/media?parent=566186"}],"curies":[{"name":"wp","href":"https:\/\/api.w.org\/{rel}","templated":true}]}}

<p>Oiu Sadama 2026. suvise hooaja avamine on juba peagi käes ning kutsume sind osa saama kolmest päevast, mis on täis elamusi, uusi teadmisi ja mõnusat ajaveetmist Võrtsjärve ääres. 🌊<br />Oleme kokku pannud programmi igale vanusele – tule üksi, perega või sõpradega!</p>
<p>🌿1. mai:<br />
11:00–15:00 Veeohutuspäev koostöös Päästeametiga 🛟<br />
Päeva jooksul räägime erinevate veekogude ohtudest, tutvustame turvavarustust ning näitame, kuidas seda õigesti kasutada. Toimuvad ka praktilised töötoad: viskeliini ja päästerõnga kasutamine ning päästelaua abil kannatanu abistamine.<br />
Räägime ka abi kutsumisest ning kohal on Lõuna-Eesti veepäästekoerte grupp Märjad Käpad. 🐶</p>
<p>⛴ Paadisõidud Võrtsjärvel</p>
<p>🌿2. mai:<br />
🐟 12:00–13:00 Loeng Võrtsjärve kaladest (Arvo Tuvikene)<br />
🐦 13:00–15:00 Pesakastide meisterdamine koos Arne Aderiga. Räägime, kuidas pesakaste õigesti teha ja eri lindudele sobitada.<br />
Loeng ja pesakastide meisterdamine on tasuta.</p>
<p>⛴ Paadisõidud Võrtsjärvel</p>
<p>🌿3. mai:</p>
<p>⛴ Paadisõidud Võrtsjärvel</p>
<p>🍴 Oiu Sadama resto on avatud R ja L 12:00–20:00 P 10:00–19:00</p>
