{"id":570527,"date":"2026-08-05T10:18:50","date_gmt":"2026-08-05T07:18:50","guid":{"rendered":"https:\/\/visitviljandi.ee\/wirst-besuchen\/highlights\/"},"modified":"2026-08-05T10:18:50","modified_gmt":"2026-08-05T07:18:50","slug":"highlights","status":"publish","type":"page","link":"https:\/\/visitviljandi.ee\/de\/wirst-besuchen\/highlights\/","title":{"rendered":"Highlights"},"content":{"rendered":"\n<h2 class=\"wp-block-heading\">Kultur und Sport das ganze Jahr \u00fcber<\/h2>\n\n<p class=\"wp-block-paragraph\">In der Stadt und im Landkreis Viljandi finden zu jeder Jahreszeit vielf\u00e4ltige Veranstaltungen statt. Hier finden sowohl aktive Familien als auch Liebhaber von Hochkultur sowie Musik- und Theaterfreunde ihre Favoriten. Profisportler und Amateure werden vom fr\u00fchlingshaften <em><strong>Gro\u00dfen Lauf um den Viljandi-See<\/strong><\/em> sowie von zahlreichen Radrennen angelockt. Das Er\u00f6ffnungsevent der Sommersaison f\u00fcr die ganze Familie sind traditionell die Hansetage. Den Sommer \u00fcber finden in der Region Viljandi viele beliebte Musikveranstaltungen von Suure-Jaani bis Mulgimaa statt, deren gr\u00f6\u00dfte das legend\u00e4re <em><strong>Viljandi Folk Music Festival<\/strong><\/em> ist \u2013 eines der gr\u00f6\u00dften Folkmusik-Events in Europa, das jedes Jahr im Juli stattfindet.     <\/p>\n\n<p class=\"wp-block-paragraph\">Neben den Highlights gibt es das ganze Jahr \u00fcber viel Spannendes zu entdecken \u2013 einen \u00dcberblick \u00fcber alle Ereignisse erh\u00e4ltst du auf der Seite mit dem vielseitigen <a href=\"https:\/\/visitviljandi.ee\/de\/wirst-besuchen\/kulturprogramm\/\" target=\"_blank\" rel=\"noreferrer noopener\">Veranstaltungskalender<\/a>.<\/p>\n\n<h2 class=\"wp-block-heading\" id=\"hansapaevad\">Hansetage<\/h2>\n\n<h3 class=\"wp-block-heading\" id=\"27-29-august-2021\">5.-7. Juni 2026<\/h3>\n\n<h3 class=\"wp-block-heading\" id=\"hansa-viljandi-ee\"><a rel=\"noreferrer noopener\" href=\"http:\/\/hansa.viljandi.ee\/\" target=\"_blank\">hansa.viljandi.ee<\/a><\/h3>\n\n<figure class=\"wp-block-image size-large\"><a href=\"https:\/\/visitviljandi.ee\/wp-content\/uploads\/2022\/01\/DSC_7663.jpg\"><img loading=\"lazy\" decoding=\"async\" width=\"1024\" height=\"683\" src=\"https:\/\/visitviljandi.ee\/wp-content\/uploads\/2022\/01\/DSC_7663-1024x683.jpg\" alt=\"\" class=\"wp-image-444\" srcset=\"https:\/\/visitviljandi.ee\/wp-content\/uploads\/2022\/01\/DSC_7663-1024x683.jpg 1024w, https:\/\/visitviljandi.ee\/wp-content\/uploads\/2022\/01\/DSC_7663-300x200.jpg 300w, https:\/\/visitviljandi.ee\/wp-content\/uploads\/2022\/01\/DSC_7663-768x512.jpg 768w, https:\/\/visitviljandi.ee\/wp-content\/uploads\/2022\/01\/DSC_7663.jpg 1200w\" sizes=\"auto, (max-width: 1024px) 100vw, 1024px\" \/><\/a><\/figure>\n\n<p class=\"wp-block-paragraph\">Die Hansetage von Viljandi finden am ersten Juni-Wochenende statt. Das Event verbindet traditionellen Stra\u00dfenhandel mit modernen Gemeinschaftsveranstaltungen und bringt Menschen aus Viljandi und Umgebung, ganz Estland und der Welt zusammen. <\/p>\n\n<h2 class=\"wp-block-heading\" id=\"viljandi-parimusmuusika-festival\">Viljandi Folk Music Festival<\/h2>\n\n<h3 class=\"wp-block-heading\" id=\"22-25-juuli-2021\">23. &#8211; 26. Juli 2026<\/h3>\n\n<h3 class=\"wp-block-heading\" id=\"viljandifolk-ee\"><a rel=\"noreferrer noopener\" href=\"https:\/\/www.viljandifolk.ee\/en\" target=\"_blank\">viljandifolk.ee<\/a><\/h3>\n\n<figure class=\"wp-block-image size-large\"><a href=\"https:\/\/visitviljandi.ee\/wp-content\/uploads\/2022\/01\/Folk_2.jpg\"><img loading=\"lazy\" decoding=\"async\" width=\"1024\" height=\"683\" src=\"https:\/\/visitviljandi.ee\/wp-content\/uploads\/2022\/01\/Folk_2-1024x683.jpg\" alt=\"\" class=\"wp-image-451\" srcset=\"https:\/\/visitviljandi.ee\/wp-content\/uploads\/2022\/01\/Folk_2-1024x683.jpg 1024w, https:\/\/visitviljandi.ee\/wp-content\/uploads\/2022\/01\/Folk_2-300x200.jpg 300w, https:\/\/visitviljandi.ee\/wp-content\/uploads\/2022\/01\/Folk_2-768x512.jpg 768w, https:\/\/visitviljandi.ee\/wp-content\/uploads\/2022\/01\/Folk_2.jpg 1200w\" sizes=\"auto, (max-width: 1024px) 100vw, 1024px\" \/><\/a><\/figure>\n\n<p class=\"wp-block-paragraph\">Das Viljandi Folk Music Festival, auch bekannt als Viljandi Folk, bringt bereits seit 30 Jahren gro\u00dfartige Musik aus der ganzen Welt zusammen. Am letzten Juli-Wochenende verdoppelt sich die Einwohnerzahl von Viljandi, wenn fast 25.000 G\u00e4ste in die Stadt kommen, um Teil dieses gewaltigen internationalen Musikfestes zu sein. <\/p>\n\n<h2 class=\"wp-block-heading\" id=\"veel-tahtsundmusi\">Weitere Highlights 2026<\/h2>\n\n<ul class=\"wp-block-list\">\n<li><a href=\"https:\/\/rattaklubi.ee\/mulgi-uisumaraton\/\"><strong>Mulgi Eislaufmarathon<\/strong><\/a> 24. Januar<\/li>\n\n\n\n<li><strong><a href=\"https:\/\/rattaklubi.ee\/\" data-type=\"link\" data-id=\"https:\/\/rattaklubi.ee\/\">Nacht-Eislaufen<\/a> <\/strong>auf dem Viljandi-See 25. Januar<\/li>\n\n\n\n<li><a href=\"http:\/\/www.tantsunadal.ee\/\" target=\"_blank\" rel=\"noreferrer noopener\"><strong>Tanzwoche<\/strong><\/a> 23.\u201329. April  <\/li>\n\n\n\n<li><strong><a href=\"https:\/\/viljandijarvejooks.ee\/et\/avaleht\" target=\"_blank\" rel=\"noreferrer noopener\">Gro\u00dfer Lauf um den Viljandi-See<\/a><\/strong> jedes Jahr am 1. Mai <\/li>\n\n\n\n<li><a href=\"https:\/\/rattaklubi.ee\/\"><strong>Mulgi Radmarathon<\/strong><\/a> 03. Mai <\/li>\n\n\n\n<li><a href=\"https:\/\/muusikafestival.suure-jaani.ee\/\" data-type=\"URL\" data-id=\"https:\/\/muusikafestival.suure-jaani.ee\/\" target=\"_blank\" rel=\"noreferrer noopener\"><strong>Musikfestival Suure-Jaani<\/strong><\/a> 16. &#8211; 23. Juni <\/li>\n\n\n\n<li><strong><a href=\"https:\/\/www.facebook.com\/viljandisuveooper\/\" target=\"_blank\" rel=\"noreferrer noopener\">Sommeroper Viljandi<\/a><\/strong> 02.\u201303. Juli <\/li>\n\n\n\n<li><a href=\"https:\/\/www.urissaarekantri.ee\/\" target=\"_blank\" rel=\"noreferrer noopener\"><strong>Urissaare Kantri<\/strong> <\/a>14.\u201315. August <\/li>\n\n\n\n<li><a href=\"https:\/\/www.facebook.com\/ViljandiSaunafest\" data-type=\"link\" data-id=\"https:\/\/www.facebook.com\/ViljandiSaunafest\"><strong>Festival der wandernden Saunen<\/strong><\/a> 28.\u201329. August <\/li>\n\n\n\n<li><strong><a href=\"https:\/\/folk.ee\/teeme\/parimusmuusika-loikuspidu\" data-type=\"link\" data-id=\"https:\/\/folk.ee\/teeme\/parimusmuusika-loikuspidu\">Erntefest der Folkmusik<\/a> <\/strong>02.\u201303. Oktober <\/li>\n\n\n\n<li><strong><a href=\"http:\/\/viljandiguitar.ee\/\" target=\"_blank\" rel=\"noreferrer noopener\">Gitarrenfestival<\/a><\/strong> 07. &#8211; 11. Oktober<\/li>\n<\/ul>\n\n<p class=\"wp-block-paragraph\"><\/p>\n","protected":false},"excerpt":{"rendered":"<p>Kultur und Sport das ganze Jahr \u00fcber In der Stadt und im Landkreis Viljandi finden zu jeder Jahreszeit vielf\u00e4ltige Veranstaltungen statt. Hier finden sowohl aktive Familien als auch Liebhaber von Hochkultur sowie Musik- und Theaterfreunde ihre Favoriten. Profisportler und Amateure werden vom fr\u00fchlingshaften Gro\u00dfen Lauf um den Viljandi-See sowie von zahlreichen Radrennen angelockt. Das Er\u00f6ffnungsevent [&hellip;]<\/p>\n","protected":false},"author":4,"featured_media":867,"parent":328,"menu_order":0,"comment_status":"closed","ping_status":"closed","template":"","meta":{"_acf_changed":false,"inline_featured_image":false,"footnotes":""},"class_list":["post-570527","page","type-page","status-publish","has-post-thumbnail","hentry"],"acf":[],"_links":{"self":[{"href":"https:\/\/visitviljandi.ee\/de\/wp-json\/wp\/v2\/pages\/570527","targetHints":{"allow":["GET"]}}],"collection":[{"href":"https:\/\/visitviljandi.ee\/de\/wp-json\/wp\/v2\/pages"}],"about":[{"href":"https:\/\/visitviljandi.ee\/de\/wp-json\/wp\/v2\/types\/page"}],"author":[{"embeddable":true,"href":"https:\/\/visitviljandi.ee\/de\/wp-json\/wp\/v2\/users\/4"}],"replies":[{"embeddable":true,"href":"https:\/\/visitviljandi.ee\/de\/wp-json\/wp\/v2\/comments?post=570527"}],"version-history":[{"count":1,"href":"https:\/\/visitviljandi.ee\/de\/wp-json\/wp\/v2\/pages\/570527\/revisions"}],"predecessor-version":[{"id":570528,"href":"https:\/\/visitviljandi.ee\/de\/wp-json\/wp\/v2\/pages\/570527\/revisions\/570528"}],"up":[{"embeddable":true,"href":"https:\/\/visitviljandi.ee\/de\/wp-json\/wp\/v2\/pages\/328"}],"wp:featuredmedia":[{"embeddable":true,"href":"https:\/\/visitviljandi.ee\/de\/wp-json\/wp\/v2\/media\/867"}],"wp:attachment":[{"href":"https:\/\/visitviljandi.ee\/de\/wp-json\/wp\/v2\/media?parent=570527"}],"curies":[{"name":"wp","href":"https:\/\/api.w.org\/{rel}","templated":true}]}}

<h2 class="wp-block-heading">Kultur und Sport das ganze Jahr über</h2>

<p class="wp-block-paragraph">In der Stadt und im Landkreis Viljandi finden zu jeder Jahreszeit vielfältige Veranstaltungen statt. Hier finden sowohl aktive Familien als auch Liebhaber von Hochkultur sowie Musik- und Theaterfreunde ihre Favoriten. Profisportler und Amateure werden vom frühlingshaften <em><strong>Großen Lauf um den Viljandi-See</strong></em> sowie von zahlreichen Radrennen angelockt. Das Eröffnungsevent der Sommersaison für die ganze Familie sind traditionell die Hansetage. Den Sommer über finden in der Region Viljandi viele beliebte Musikveranstaltungen von Suure-Jaani bis Mulgimaa statt, deren größte das legendäre <em><strong>Viljandi Folk Music Festival</strong></em> ist – eines der größten Folkmusik-Events in Europa, das jedes Jahr im Juli stattfindet.     </p>

<p class="wp-block-paragraph">Neben den Highlights gibt es das ganze Jahr über viel Spannendes zu entdecken – einen Überblick über alle Ereignisse erhältst du auf der Seite mit dem vielseitigen <a href="https://visitviljandi.ee/de/wirst-besuchen/kulturprogramm/" target="_blank" rel="noreferrer noopener">Veranstaltungskalender</a>.</p>

<h2 class="wp-block-heading" id="hansapaevad">Hansetage</h2>

<h3 class="wp-block-heading" id="27-29-august-2021">5.-7. Juni 2026</h3>

<h3 class="wp-block-heading" id="hansa-viljandi-ee"><a rel="noreferrer noopener" href="http://hansa.viljandi.ee/" target="_blank">hansa.viljandi.ee</a></h3>

<figure class="wp-block-image size-large"><a href="https://visitviljandi.ee/wp-content/uploads/2022/01/DSC_7663.jpg"><img loading="lazy" decoding="async" width="1024" height="683" src="https://visitviljandi.ee/wp-content/uploads/2022/01/DSC_7663-1024x683.jpg" alt="" class="wp-image-444" srcset="https://visitviljandi.ee/wp-content/uploads/2022/01/DSC_7663-1024x683.jpg 1024w, https://visitviljandi.ee/wp-content/uploads/2022/01/DSC_7663-300x200.jpg 300w, https://visitviljandi.ee/wp-content/uploads/2022/01/DSC_7663-768x512.jpg 768w, https://visitviljandi.ee/wp-content/uploads/2022/01/DSC_7663.jpg 1200w" sizes="auto, (max-width: 1024px) 100vw, 1024px" /></a></figure>

<p class="wp-block-paragraph">Die Hansetage von Viljandi finden am ersten Juni-Wochenende statt. Das Event verbindet traditionellen Straßenhandel mit modernen Gemeinschaftsveranstaltungen und bringt Menschen aus Viljandi und Umgebung, ganz Estland und der Welt zusammen. </p>

<h2 class="wp-block-heading" id="viljandi-parimusmuusika-festival">Viljandi Folk Music Festival</h2>

<h3 class="wp-block-heading" id="22-25-juuli-2021">23. &#8211; 26. Juli 2026</h3>

<h3 class="wp-block-heading" id="viljandifolk-ee"><a rel="noreferrer noopener" href="https://www.viljandifolk.ee/en" target="_blank">viljandifolk.ee</a></h3>

<figure class="wp-block-image size-large"><a href="https://visitviljandi.ee/wp-content/uploads/2022/01/Folk_2.jpg"><img loading="lazy" decoding="async" width="1024" height="683" src="https://visitviljandi.ee/wp-content/uploads/2022/01/Folk_2-1024x683.jpg" alt="" class="wp-image-451" srcset="https://visitviljandi.ee/wp-content/uploads/2022/01/Folk_2-1024x683.jpg 1024w, https://visitviljandi.ee/wp-content/uploads/2022/01/Folk_2-300x200.jpg 300w, https://visitviljandi.ee/wp-content/uploads/2022/01/Folk_2-768x512.jpg 768w, https://visitviljandi.ee/wp-content/uploads/2022/01/Folk_2.jpg 1200w" sizes="auto, (max-width: 1024px) 100vw, 1024px" /></a></figure>

<p class="wp-block-paragraph">Das Viljandi Folk Music Festival, auch bekannt als Viljandi Folk, bringt bereits seit 30 Jahren großartige Musik aus der ganzen Welt zusammen. Am letzten Juli-Wochenende verdoppelt sich die Einwohnerzahl von Viljandi, wenn fast 25.000 Gäste in die Stadt kommen, um Teil dieses gewaltigen internationalen Musikfestes zu sein. </p>

<h2 class="wp-block-heading" id="veel-tahtsundmusi">Weitere Highlights 2026</h2>

<ul class="wp-block-list">
<li><a href="https://rattaklubi.ee/mulgi-uisumaraton/"><strong>Mulgi Eislaufmarathon</strong></a> 24. Januar</li>



<li><strong><a href="https://rattaklubi.ee/" data-type="link" data-id="https://rattaklubi.ee/">Nacht-Eislaufen</a> </strong>auf dem Viljandi-See 25. Januar</li>



<li><a href="http://www.tantsunadal.ee/" target="_blank" rel="noreferrer noopener"><strong>Tanzwoche</strong></a> 23.–29. April  </li>



<li><strong><a href="https://viljandijarvejooks.ee/et/avaleht" target="_blank" rel="noreferrer noopener">Großer Lauf um den Viljandi-See</a></strong> jedes Jahr am 1. Mai </li>



<li><a href="https://rattaklubi.ee/"><strong>Mulgi Radmarathon</strong></a> 03. Mai </li>



<li><a href="https://muusikafestival.suure-jaani.ee/" data-type="URL" data-id="https://muusikafestival.suure-jaani.ee/" target="_blank" rel="noreferrer noopener"><strong>Musikfestival Suure-Jaani</strong></a> 16. &#8211; 23. Juni </li>



<li><strong><a href="https://www.facebook.com/viljandisuveooper/" target="_blank" rel="noreferrer noopener">Sommeroper Viljandi</a></strong> 02.–03. Juli </li>



<li><a href="https://www.urissaarekantri.ee/" target="_blank" rel="noreferrer noopener"><strong>Urissaare Kantri</strong> </a>14.–15. August </li>



<li><a href="https://www.facebook.com/ViljandiSaunafest" data-type="link" data-id="https://www.facebook.com/ViljandiSaunafest"><strong>Festival der wandernden Saunen</strong></a> 28.–29. August </li>



<li><strong><a href="https://folk.ee/teeme/parimusmuusika-loikuspidu" data-type="link" data-id="https://folk.ee/teeme/parimusmuusika-loikuspidu">Erntefest der Folkmusik</a> </strong>02.–03. Oktober </li>



<li><strong><a href="http://viljandiguitar.ee/" target="_blank" rel="noreferrer noopener">Gitarrenfestival</a></strong> 07. &#8211; 11. Oktober</li>
</ul>

<p class="wp-block-paragraph"></p>

<p>Kultur und Sport das ganze Jahr über In der Stadt und im Landkreis Viljandi finden zu jeder Jahreszeit vielfältige Veranstaltungen statt. Hier finden sowohl aktive Familien als auch Liebhaber von Hochkultur sowie Musik- und Theaterfreunde ihre Favoriten. Profisportler und Amateure werden vom frühlingshaften Großen Lauf um den Viljandi-See sowie von zahlreichen Radrennen angelockt. Das Eröffnungsevent [&hellip;]</p>
